vided by 1023?
37
What is the remainder when 130285 is divided by 430?
425
Calculate the remainder when 10946 is divided by 3595.
161
Calculate the remainder when 684 is divided by 137.
136
What is the remainder when 9205 is divided by 630?
385
What is the remainder when 34625 is divided by 462?
437
Calculate the remainder when 316285 is divided by 47.
22
Calculate the remainder when 17432 is divided by 3364.
612
What is the remainder when 250301 is divided by 32?
29
Calculate the remainder when 737155 is divided by 245714.
13
What is the remainder when 11966 is divided by 568?
38
Calculate the remainder when 16214 is divided by 2017.
78
Calculate the remainder when 59887 is divided by 8.
7
Calculate the remainder when 212244 is divided by 268.
256
What is the remainder when 989 is divided by 826?
163
What is the remainder when 29667 is divided by 5933?
2
Calculate the remainder when 1806 is divided by 585.
51
Calculate the remainder when 15751 is divided by 12.
7
Calculate the remainder when 38946 is divided by 116.
86
Calculate the remainder when 27052 is divided by 25.
2
What is the remainder when 61646 is divided by 390?
26
Calculate the remainder when 9801 is divided by 383.
226
Calculate the remainder when 580643 is divided by 724.
719
Calculate the remainder when 93946 is divided by 1491.
13
What is the remainder when 13510 is divided by 229?
228
Calculate the remainder when 66725 is divided by 99.
98
Calculate the remainder when 3072 is divided by 982.
126
What is the remainder when 8951 is divided by 412?
299
Calculate the remainder when 13647 is divided by 195.
192
What is the remainder when 13050 is divided by 13045?
5
Calculate the remainder when 10237 is divided by 125.
112
Calculate the remainder when 39824 is divided by 1080.
944
What is the remainder when 5528 is divided by 20?
8
What is the remainder when 1073763 is divided by 19?
16
Calculate the remainder when 90351 is divided by 90289.
62
Calculate the remainder when 11564 is divided by 826.
0
Calculate the remainder when 5278 is divided by 360.
238
What is the remainder when 99078 is divided by 234?
96
What is the remainder when 37286 is divided by 110?
106
Calculate the remainder when 2241 is divided by 20.
1
Calculate the remainder when 32289 is divided by 16.
1
What is the remainder when 46002 is divided by 142?
136
What is the remainder when 95249 is divided by 19047?
14
Calculate the remainder when 13669 is divided by 4258.
895
Calculate the remainder when 6331 is divided by 888.
115
What is the remainder when 12018 is divided by 208?
162
Calculate the remainder when 7980 is divided by 21.
0
Calculate the remainder when 15275 is divided by 3818.
3
Calculate the remainder when 658 is divided by 291.
76
Calculate the remainder when 1705925 is divided by 474.
473
What is the remainder when 19860 is divided by 154?
148
What is the remainder when 19285 is divided by 101?
95
Calculate the remainder when 14526 is divided by 956.
186
What is the remainder when 35222 is divided by 1422?
1094
What is the remainder when 16242 is divided by 64?
50
What is the remainder when 585092 is divided by 20?
12
What is the remainder when 31421 is divided by 281?
230
Calculate the remainder when 6121 is divided by 15.
1
Calculate the remainder when 134229 is divided by 907.
900
What is the remainder when 184657 is divided by 47?
41
Calculate the remainder when 16018 is divided by 74.
34
What is the remainder when 190228 is divided by 344?
340
Calculate the remainder when 48893 is divided by 83.
6
Calculate the remainder when 756541 is divided by 9825.
16
What is the remainder when 1969994 is divided by 161?
159
What is the remainder when 334856 is divided by 15220?
16
Calculate the remainder when 114072 is divided by 28515.
12
Calculate the remainder when 52619 is divided by 411.
11
Calculate the remainder when 3818 is divided by 746.
88
Calculate the remainder when 22985 is divided by 591.
527
Calculate the remainder when 735 is divided by 234.
33
Calculate the remainder when 23489 is divided by 27.
26
Calculate the remainder when 7187 is divided by 69.
11
Calculate the remainder when 121271 is divided by 231.
227
Calculate the remainder when 27972 is divided by 2746.
512
Calculate the remainder when 235293 is divided by 2178.
69
Calculate the remainder when 60223 is divided by 87.
19
Calculate the remainder when 47876 is divided by 56.
52
Calculate the remainder when 30302 is divided by 2472.
638
Calculate the remainder when 82330 is divided by 27437.
19
What is the remainder when 62454 is divided by 281?
72
Calculate the remainder when 22410 is divided by 23.
8
Calculate the remainder when 102554 is divided by 34148.
110
Calculate the remainder when 3316 is divided by 1636.
44
What is the remainder when 248579 is divided by 751?
749
What is the remainder when 7841 is divided by 129?
101
What is the remainder when 54744 is divided by 152?
24
What is the remainder when 124169 is divided by 53?
43
What is the remainder when 1454 is divided by 237?
32
What is the remainder when 7711 is divided by 158?
127
What is the remainder when 8274 is divided by 612?
318
Calculate the remainder when 168699 is divided by 683.
681
What is the remainder when 630171 is divided by 376?
371
Calculate the remainder when 176882 is divided by 1.
0
What is the remainder when 64815 is divided by 32?
15
Calculate the remainder when 2437 is divided by 498.
445
Calculate the remainder when 17871 is divided by 5937.
60
What is the remainder when 15113 is divided by 229?
228
Calculate the remainder when 550535 is divided by 92.
7
Calculate the remainder when 40476 is divided by 44.
40
What is the remainder when 5933 is divided by 1898?
239
What is the remainder when 1985 is divided by 65?
35
Calculate the remainder when 102545 is divided by 211.
210
Calculate the remainder when 15183 is divided by 635.
578
Calculate the remainder when 199395 is divided by 334.
331
Calculate the remainder when 4151 is divided by 1766.
619
Calculate the remainder when 4928 is divided by 408.
32
What is the remainder when 29050 is divided by 693?
637
Calculate the remainder when 15818 is divided by 222.
56
Calculate the remainder when 997172 is divided by 20.
12
Calculate the remainder when 101645 is divided by 16940.
5
Calculate the remainder when 958882 is divided by 109.
9
What is the remainder when 34085 is divided by 383?
381
What is the remainder when 169575 is divided by 23?
19
Calculate the remainder when 2320 is divided by 417.
235
What is the remainder when 103065 is divided by 18?
15
Calculate the remainder when 2202314 is divided by 34.
32
What is the remainder when 9293 is divided by 3082?
47
What is the remainder when 6526 is divided by 128?
126
What is the remainder when 154859 is divided by 557?
13
What is the remainder when 4578 is divided by 528?
354
What is the remainder when 1197091 is divided by 149635?
11
What is the remainder when 63825 is divided by 9115?
20
Calculate the remainder when 5826 is divided by 110.
106
Calculate the remainder when 6783 is divided by 764.
671
What is the remainder when 9838 is divided by 2247?
850
What is the remainder when 8719 is divided by 1242?
25
What is the remainder when 26674 is divided by 275?
274
Calculate the remainder when 4013 is divided by 411.
314
Calculate the remainder when 22562 is divided by 11248.
66
What is the remainder when 54603 is divided by 24?
3
Calculate the remainder when 2355 is divided by 112.
3
What is the remainder when 1618 is divided by 793?
32
What is the remainder when 52820 is divided by 7544?
12
What is the remainder when 4320 is divided by 1079?
4
Calculate the remainder when 5167 is divided by 110.
107
Calculate the remainder when 1233574 is divided by 27.
25
Calculate the remainder when 896 is divided by 671.
225
What is the remainder when 691 is divided by 290?
111
Calculate the remainder when 8273 is divided by 84.
41
What is the remainder when 13916 is divided by 148?
4
Calculate the remainder when 1024079 is divided by 120.
119
Calculate the remainder when 15548 is divided by 18.
14
Calculate the remainder when 201320 is divided by 43.
37
Calculate the remainder when 437753 is divided by 24.
17
What is the remainder when 783594 is divide